at is the greatest common divisor of 560 and 109240?
40
Calculate the highest common factor of 21951 and 243.
81
What is the highest common divisor of 3 and 2994312?
3
Calculate the highest common factor of 55796 and 1339.
13
Calculate the highest common factor of 312 and 221.
13
Calculate the highest common factor of 62172 and 1386.
198
What is the highest common factor of 336080 and 160?
80
Calculate the highest common divisor of 4396160 and 640.
640
Calculate the highest common factor of 239593 and 263.
263
What is the highest common factor of 14798 and 302?
302
What is the highest common divisor of 4675 and 11693?
11
Calculate the highest common factor of 7074408 and 264.
264
What is the greatest common factor of 132388 and 138?
46
Calculate the highest common factor of 30015 and 447615.
1305
Calculate the greatest common divisor of 6 and 903336.
6
What is the greatest common factor of 464 and 19778?
58
Calculate the highest common factor of 17 and 2512141.
17
Calculate the highest common factor of 253 and 250217.
253
What is the highest common divisor of 377 and 39527?
29
Calculate the greatest common divisor of 240 and 205080.
120
What is the highest common divisor of 5843320 and 509?
509
What is the highest common divisor of 82771 and 65?
13
What is the highest common divisor of 55970 and 22774?
386
What is the greatest common factor of 1007 and 689?
53
What is the highest common factor of 4498 and 145666?
346
What is the greatest common divisor of 8635 and 495?
55
What is the greatest common factor of 291131 and 58?
29
Calculate the greatest common factor of 670 and 2581510.
670
What is the greatest common factor of 229052 and 1384?
692
Calculate the greatest common divisor of 130286 and 130.
26
What is the highest common divisor of 28968 and 3162?
102
Calculate the highest common divisor of 404 and 499748.
404
Calculate the highest common divisor of 475760 and 16.
16
Calculate the highest common divisor of 195664 and 1120.
112
What is the greatest common divisor of 37269 and 36?
9
What is the highest common factor of 624359 and 1615?
323
Calculate the highest common factor of 558 and 266538.
186
What is the highest common divisor of 468 and 33930?
234
Calculate the highest common factor of 856 and 18083.
107
What is the greatest common factor of 449181 and 145?
29
Calculate the highest common divisor of 1131 and 397155.
87
Calculate the highest common factor of 196 and 544586.
98
What is the highest common divisor of 7695 and 969?
57
What is the highest common factor of 9147 and 6?
3
Calculate the highest common divisor of 1248 and 816504.
312
What is the greatest common factor of 181 and 76201?
181
What is the highest common divisor of 1962 and 19692?
18
What is the highest common factor of 153984 and 1152?
384
What is the greatest common divisor of 132 and 572?
44
What is the greatest common factor of 1657194 and 924?
462
What is the highest common divisor of 32 and 3135152?
16
Calculate the greatest common divisor of 184 and 244168.
184
What is the greatest common divisor of 1720 and 6794?
86
Calculate the greatest common divisor of 441 and 2156.
49
What is the greatest common factor of 585 and 27235?
65
What is the highest common divisor of 2212 and 155393?
553
Calculate the greatest common divisor of 1161 and 133902.
387
Calculate the highest common divisor of 467884 and 1272.
212
What is the highest common factor of 2657437 and 6243?
2081
What is the highest common factor of 7848 and 923121?
981
What is the highest common factor of 4560 and 317072?
304
Calculate the highest common factor of 378234 and 18.
18
Calculate the highest common divisor of 1173 and 2703.
51
Calculate the greatest common factor of 913468 and 1472.
92
Calculate the greatest common factor of 79963 and 754.
13
Calculate the highest common divisor of 114 and 2493978.
114
What is the highest common divisor of 4173 and 14235?
39
Calculate the greatest common factor of 26999 and 171.
19
What is the greatest common factor of 11004092 and 898?
898
What is the highest common divisor of 89 and 441173?
89
Calculate the greatest common divisor of 743460 and 180.
60
Calculate the greatest common factor of 117 and 221.
13
Calculate the highest common factor of 38192 and 484176.
1232
Calculate the greatest common divisor of 254488 and 104.
104
What is the highest common factor of 87718 and 366?
122
Calculate the greatest common factor of 892 and 113730.
446
What is the highest common divisor of 43358 and 163?
163
Calculate the greatest common divisor of 477 and 22207.
53
Calculate the greatest common divisor of 1690 and 60502.
338
What is the highest common divisor of 37820 and 8680?
620
Calculate the highest common divisor of 1632 and 109752.
408
Calculate the highest common factor of 213928 and 8024.
136
Calculate the highest common divisor of 2736 and 40536.
72
Calculate the greatest common factor of 73030 and 201.
67
Calculate the highest common factor of 102040 and 80.
40
What is the highest common divisor of 1898 and 6682?
26
Calculate the highest common divisor of 330077 and 1628.
407
What is the greatest common factor of 2739534 and 42?
42
What is the highest common factor of 1376 and 199993?
43
Calculate the greatest common factor of 516 and 2012228.
172
What is the highest common divisor of 79414 and 20296?
118
Calculate the greatest common divisor of 1980 and 1164.
12
What is the greatest common factor of 521052 and 84?
84
What is the greatest common divisor of 62280 and 1720?
40
Calculate the greatest common factor of 7134 and 321522.
246
Calculate the greatest common divisor of 374 and 7546.
22
Calculate the greatest common factor of 96992 and 84.
28
What is the highest common divisor of 13376 and 1782?
22
Calculate the greatest common divisor of 1122 and 58038.
102
Calculate the highest common divisor of 186457 and 274.
137
Calculate the greatest common factor of 36988116 and 11.
11
What is the highest common divisor of 40775 and 4660?
1165
What is the greatest common divisor of 120368 and 200?
8
What is the highest common factor of 84315 and 140?
35
Calculate the highest common factor of 481 and 81.
1
What is the greatest common factor of 430 and 64130?
10
Calculate the greatest common divisor of 204800 and 200000.
1600
What is the highest common factor of 78 and 27534?
78
What is the greatest common divisor of 4130 and 910?
70
Calculate the greatest common divisor of 509 and 1024108.
509
Calculate the highest common factor of 15314 and 7410.
494
Calculate the greatest common factor of 8 and 5163752.
8
Calculate the greatest common factor of 52152 and 848.
424
What is the highest common factor of 2345 and 52595?
335
Calculate the highest common factor of 5565 and 84.
21
What is the greatest common factor of 14749 and 731?
43
Calculate the greatest common divisor of 507 and 113061.
507
Calculate the highest common factor of 484 and 472.
4
What is the highest common factor of 1537811 and 22?
11
What is the greatest common divisor of 20596 and 532?
76
What is the greatest common factor of 216413 and 37?
37
Calculate the highest common divisor of 85913 and 159.
53
What is the highest common factor of 1411 and 13031?
83
What is the greatest common factor of 1428195 and 255?
15
What is the greatest common divisor of 78 and 2120092?
26
Calculate the greatest common divisor of 10653 and 3417.
201
What is the greatest common divisor of 7665 and 1015?
35
Calculate the greatest common divisor of 206753 and 332.
83
Calculate the greatest common factor of 2728 and 39928.
248
What is the highest common divisor of 217063 and 147?
7
What is the highest common factor of 60 and 3810?
30
Calculate the greatest common factor of 621150 and 5.
5
What is the greatest common factor of 7695 and 1815?
15
Calculate the highest common divisor of 1464 and 24949.
61
What is the greatest common divisor of 243441 and 209?
11
What is the highest common factor of 511400 and 400?
200
What is the greatest common factor of 104184 and 72?
72
What is the greatest common factor of 324 and 64428?
12
Calculate the highest common divisor of 296 and 272172.
148
What is the highest common factor of 4785 and 18810?
165
What is the greatest common factor of 851428 and 969?
323
Calculate the greate